ainder when 223630 is divided by 22352?
110
What is the remainder when 4803268 is divided by 5391?
5278
What is the remainder when 1822616 is divided by 1822588?
28
Calculate the remainder when 35654 is divided by 36.
14
Calculate the remainder when 26504326 is divided by 2568.
2566
What is the remainder when 102952 is divided by 8245?
4012
Calculate the remainder when 881827 is divided by 440856.
115
Calculate the remainder when 38967007 is divided by 184.
39
What is the remainder when 204636974 is divided by 461?
457
Calculate the remainder when 9536208 is divided by 454105.
3
Calculate the remainder when 739729 is divided by 105664.
81
Calculate the remainder when 19566829 is divided by 383663.
16
What is the remainder when 116765 is divided by 29071?
481
Calculate the remainder when 2688384 is divided by 298548.
1452
Calculate the remainder when 37728968 is divided by 2694925.
18
Calculate the remainder when 22797311 is divided by 2963.
2952
What is the remainder when 86886 is divided by 9516?
1242
Calculate the remainder when 2282583 is divided by 570643.
11
Calculate the remainder when 52733988 is divided by 37.
34
What is the remainder when 13568 is divided by 6408?
752
What is the remainder when 10296841 is divided by 6011?
6009
What is the remainder when 197161 is divided by 197081?
80
Calculate the remainder when 3335445 is divided by 3342.
129
Calculate the remainder when 4147951 is divided by 1382640.
31
What is the remainder when 828763 is divided by 6057?
5011
Calculate the remainder when 16062786 is divided by 202.
150
What is the remainder when 5356220 is divided by 20?
0
Calculate the remainder when 744262 is divided by 2746.
96
Calculate the remainder when 876988 is divided by 79703.
255
What is the remainder when 593972 is divided by 296867?
238
What is the remainder when 206811169 is divided by 357?
355
Calculate the remainder when 2989399 is divided by 13776.
7
What is the remainder when 933040 is divided by 116627?
24
Calculate the remainder when 16798010 is divided by 11.
9
What is the remainder when 407207 is divided by 2326?
157
What is the remainder when 3526889 is divided by 3363?
2465
Calculate the remainder when 647688 is divided by 216.
120
What is the remainder when 5690384 is divided by 44?
40
Calculate the remainder when 3406896 is divided by 69.
21
Calculate the remainder when 2131547 is divided by 7401.
59
What is the remainder when 905496 is divided by 2069?
1343
What is the remainder when 458094 is divided by 513?
498
Calculate the remainder when 29026797 is divided by 231.
30
What is the remainder when 2590112 is divided by 146?
72
What is the remainder when 374292 is divided by 124739?
75
What is the remainder when 12256303 is divided by 9479?
9435
What is the remainder when 15126700 is divided by 1260558?
4
What is the remainder when 3042874 is divided by 253572?
10
Calculate the remainder when 786067 is divided by 261863.
478
What is the remainder when 23234 is divided by 4525?
609
Calculate the remainder when 94770819 is divided by 2525.
2519
What is the remainder when 10833 is divided by 4882?
1069
Calculate the remainder when 2665922 is divided by 359.
347
Calculate the remainder when 12944690 is divided by 1425.
1415
What is the remainder when 11046701 is divided by 432?
29
Calculate the remainder when 1774236 is divided by 167.
28
What is the remainder when 59461 is divided by 8383?
780
Calculate the remainder when 32414 is divided by 5137.
1592
What is the remainder when 14351116 is divided by 149?
32
What is the remainder when 68967479 is divided by 1095?
1094
Calculate the remainder when 10660527 is divided by 2723.
2705
Calculate the remainder when 16807552 is divided by 619.
464
Calculate the remainder when 212850 is divided by 7787.
2601
What is the remainder when 3733176 is divided by 2058?
2022
Calculate the remainder when 27714 is divided by 3941.
127
What is the remainder when 857254 is divided by 61189?
608
What is the remainder when 515351 is divided by 1894?
183
What is the remainder when 34007 is divided by 16987?
33
Calculate the remainder when 8706264 is divided by 569.
564
What is the remainder when 599756078 is divided by 13?
12
Calculate the remainder when 2072021 is divided by 1082.
1073
Calculate the remainder when 160822 is divided by 2850.
1222
What is the remainder when 539461 is divided by 539438?
23
Calculate the remainder when 33171603 is divided by 612.
591
Calculate the remainder when 5404132 is divided by 55.
52
What is the remainder when 366656468 is divided by 10475899?
3
Calculate the remainder when 1076160 is divided by 21520.
160
What is the remainder when 83321705 is divided by 12412?
12361
Calculate the remainder when 15218352 is divided by 160.
112
What is the remainder when 930185 is divided by 1716?
113
What is the remainder when 4535850 is divided by 330?
0
Calculate the remainder when 954645477 is divided by 9.
6
Calculate the remainder when 30188633 is divided by 736308.
5
What is the remainder when 173628 is divided by 171736?
1892
Calculate the remainder when 277887 is divided by 163.
135
Calculate the remainder when 217101092 is divided by 5065.
5062
What is the remainder when 111054 is divided by 15424?
3086
Calculate the remainder when 45770 is divided by 2236.
1050
Calculate the remainder when 224739 is divided by 44798.
749
What is the remainder when 49046704 is divided by 340?
4
Calculate the remainder when 141864 is divided by 8344.
16
What is the remainder when 650782 is divided by 562?
548
What is the remainder when 851685 is divided by 851679?
6
What is the remainder when 14194557 is divided by 14?
13
Calculate the remainder when 25829291 is divided by 3217.
3215
What is the remainder when 3166424476 is divided by 1367?
1366
Calculate the remainder when 252289 is divided by 252273.
16
What is the remainder when 490961 is divided by 73?
36
What is the remainder when 1421184 is divided by 355293?
12
Calculate the remainder when 32678 is divided by 1416.
110
Calculate the remainder when 71040692 is divided by 55.
52
Calculate the remainder when 347034 is divided by 7082.
16
Calculate the remainder when 46303219 is divided by 8720.
19
What is the remainder when 1152206 is divided by 1158?
1154
Calculate the remainder when 23019 is divided by 726.
513
What is the remainder when 119688 is divided by 29917?
20
Calculate the remainder when 123327740 is divided by 10425.
10415
Calculate the remainder when 36104 is divided by 34508.
1596
Calculate the remainder when 6851510 is divided by 1057.
36
Calculate the remainder when 1589576 is divided by 19.
17
Calculate the remainder when 12021897 is divided by 650.
147
What is the remainder when 300037 is divided by 33333?
40
What is the remainder when 2426746 is divided by 1213362?
22
What is the remainder when 274282 is divided by 729?
178
What is the remainder when 73144 is divided by 7312?
24
Calculate the remainder when 2581756 is divided by 12.
4
Calculate the remainder when 32699 is divided by 283.
154
What is the remainder when 100883 is divided by 48?
35
Calculate the remainder when 1151767 is divided by 575460.
847
Calculate the remainder when 51906 is divided by 11547.
5718
Calculate the remainder when 1829017 is divided by 7684.
225
Calculate the remainder when 8279760 is divided by 37635.
60
Calculate the remainder when 5056240 is divided by 224.
112
What is the remainder when 2481158 is divided by 2017?
248
What is the remainder when 212393 is divided by 52516?
2329
Calculate the remainder when 387499 is divided by 129087.
238
Calculate the remainder when 2202064 is divided by 550515.
4
Calculate the remainder when 5954315 is divided by 1132.
1127
Calculate the remainder when 442185 is divided by 1418.
1187
Calculate the remainder when 20556777 is divided by 10278378.
21
Calculate the remainder when 3897536 is divided by 73.
66
Calculate the remainder when 78972 is divided by 4161.
4074
What is the remainder when 167585 is divided by 23840?
705
Calculate the remainder when 4035236 is divided by 1171.
1141
Calculate the remainder when 24486 is divided by 2995.
526
What is the remainder when 164353 is divided by 164347?
6
Calculate the remainder when 185250 is divided by 91411.
2428
What is th